{"id":40,"date":"2017-10-31T16:14:41","date_gmt":"2017-10-31T16:14:41","guid":{"rendered":"http:\/\/der-edv-coach.de\/?page_id=40"},"modified":"2026-01-18T08:47:59","modified_gmt":"2026-01-18T08:47:59","slug":"referenzen","status":"publish","type":"page","link":"https:\/\/der-edv-coach.de\/?page_id=40","title":{"rendered":"Meine Referenzen &#8211; f\u00fcr Sie!"},"content":{"rendered":"<p><strong>F\u00fcr folgende Unternehmen\/Beh\u00f6rden &amp; Bildungstr\u00e4ger\/Institute habe ich referiert, oder war ich gern unterst\u00fctzend t\u00e4tig:<\/strong><\/p>\n<p><strong>Gesch\u00e4ftliche Projekte:<\/strong><\/p>\n<p><strong>A<\/strong><\/p>\n<ul>\n<li><strong>AfA-Finanzdienstleistungen-B\u00fcro Stendal<\/strong><\/li>\n<li><strong>AKaTe Leipzig<\/strong><\/li>\n<li><strong>ARGE KAS-EAS Bonn e.V.<\/strong><\/li>\n<li><strong>arvato direct services GmbH<\/strong><\/li>\n<\/ul>\n<p><strong>B<\/strong><\/p>\n<ul>\n<li><strong>Bildungswerk der Wirtschaft in Sachsen-Anhalt e.V. (BWSA e.V.)<\/strong><\/li>\n<li><strong>Bildungsnetzwerk Magdeburg gGmbH<\/strong><\/li>\n<\/ul>\n<p><strong>D<\/strong><\/p>\n<ul>\n<li><strong>DEKRA-Personaldienste GmbH Saarbr\u00fccken<br \/>\n<\/strong>Bundesdruckerei GmbH \u2013 Berlin<\/li>\n<li><strong>Deutsche Bundeswehr<br \/>\n<\/strong>Invictus Games 2023 &#8211; D\u00fcsseldorf<\/li>\n<li><strong>\u201edie sprachwerkstatt\u201c GmbH Paderborn<\/strong><\/li>\n<\/ul>\n<p><strong>E<\/strong><\/p>\n<ul>\n<li><strong>EWS Stendal<\/strong><\/li>\n<li><strong>expotec GmbH Berlin<\/strong><\/li>\n<\/ul>\n<p><strong>F<\/strong><\/p>\n<ul>\n<li><strong>friendly training Berlin | the campus \u2013 T\u00dcV Rheinland<br \/>\n<\/strong>Helios Kliniken \u2013 Schwerin, Stralsund und N\u00fcrnberg<br \/>\nOstdeutsche Sparkassen-Akademie \u2013 Berlin<br \/>\nOstdeutscher Sparkassenverband \u2013 Halle\/Saale<br \/>\nAusw\u00e4rtiges Amt \u2013 Berlin<br \/>\nHensel Electric GmbH \u2013 Grimma<br \/>\nDeutsche Bahn \u2013 Berlin<\/li>\n<li><strong>friendly training Berlin | medienreich GmbH Bielefeld<br \/>\n<\/strong>BASF Services Europe GmbH \u2013 Berlin<br \/>\nZukunftsagentur Brandenburg \u2013 ZAB GmbH \u2013 Potsdam<br \/>\nAbwasserverband Th\u00fcringen<\/li>\n<li><strong>friendly training Berlin | COMPAREX AG<br \/>\n<\/strong>Bayerischer Landtag \u2013 M\u00fcnchen<br \/>\nBerlin Chemie \u2013 Berlin<\/li>\n<li><strong>friendly training Berlin | SanData Trainingszentrum GmbH<br \/>\n<\/strong>Lauffenm\u00fchle GmbH &amp; Co. KG \u2013 Lauchringen<\/li>\n<li><strong>friendly training Berlin | OneByOne<br \/>\n<\/strong>Einzelcoaching am Standort Schwerin<\/li>\n<li><strong>friendly training Berlin | New Horizons<br \/>\n<\/strong>Deutsche Flugsicherung DFS \u2013 Leipzig<\/li>\n<li><strong>Fromm &amp; Co. GmbH \u2013 Niederg\u00f6rsdorf<\/strong><\/li>\n<li><strong>Fachhochschule Magdeburg\/Stendal<\/strong><\/li>\n<\/ul>\n<p><strong>G<\/strong><\/p>\n<ul>\n<li><strong>GLENCORE Magdeburg GmbH<\/strong><\/li>\n<\/ul>\n<p><strong>H<\/strong><\/p>\n<ul>\n<li><strong>HELIOS Kliniken Burg b. Magdeburg<\/strong><\/li>\n<li><strong>Handwerkskammer Magdeburg<\/strong><\/li>\n<li><strong>Hochschule Magdeburg-Stendal<\/strong><\/li>\n<\/ul>\n<p><strong>I<\/strong><\/p>\n<ul>\n<li><strong>IBB AG \u2013 Institut f\u00fcr Berufliche Bildung AG \u2013 Hannover<\/strong><\/li>\n<li><strong>IHK Bildungsakademie Magdeburg GmbH<\/strong><br \/>\nMagdeburger Verkehrsbetriebe GmbH<br \/>\nIPS &#8211; Immobilien- und Projektmanagementgesellschaft Sachsen-Anhalt mbH<br \/>\nEKM &#8211; Evangelische Kirchen Mitteldeutschland<br \/>\nEdeka Minden &#8211; Trainingszentrum Magdeburg<br \/>\nWGM &#8211; Wohnungsgenossenschaft Magdeburg 1995 eG<\/li>\n<li><strong>IHK Bildungszentrum Halle-Dessau GmbH<\/strong><\/li>\n<li><strong>IHK f\u00fcr Ostfriesland und Papenburg<\/strong><\/li>\n<li><strong>IHK-Bildungszentrum Schwerin gGmbH<\/strong><\/li>\n<\/ul>\n<p><strong>M<\/strong><\/p>\n<ul>\n<li><strong>ML-Consulting \u2013 Schulung &amp; Support GmbH K\u00f6ln<br \/>\n<\/strong>Bundesbauamt \u2013 Berlin<br \/>\nBundeskartellamt \u2013 Bonn<br \/>\nUmweltbundesamt \u2013 Dessau<br \/>\nBundesamt f\u00fcr Naturschutz \u2013 Bonn<br \/>\nVerband der privaten Krankenversicherer \u2013 Berlin<br \/>\nFrankfurter Ausbildungsring \u2013 Frankfurt a.M.<br \/>\nMAN Diesel &amp; Truck Services \u2013 (Deutschlandweit)<br \/>\nMAN Truck &amp; Bus AG \u2013 (Deutschlandweit)<br \/>\nStadt Freiburg i. Breisgau<br \/>\nTelekom Training \u2013 Deutsche Telekom AG (Stralsund und Neubrandenburg)<br \/>\nForschungszentrum J\u00fclich \u2013 J\u00fclich NRW<br \/>\nBAD Betriebsarbeitsmedizinischer Dienst GmbH \u2013 Bonn (Deutschlandweit)<br \/>\nMinisterium f\u00fcr Bildung und Forschung &#8211; Berlin\/Bonn<\/li>\n<li><strong>MVGM \u2013 Messe- und Veranstaltungsgesellschaft Magdeburg GmbH \u2013 Magdeburg<\/strong><\/li>\n<li><strong>MyBrands Zalando e-logistics GmbH &amp; Co. KG \u2013 Brieselang<br \/>\n<\/strong>Trainer-Einsatz in den Logistikzentren Brieselang und Gro\u00dfbeeren<\/li>\n<\/ul>\n<p><strong>P<\/strong><\/p>\n<ul>\n<li><strong>Panasonic \u2013 Stein Promotions GmbH<\/strong><\/li>\n<\/ul>\n<p><strong>S<\/strong><\/p>\n<ul>\n<li><strong>SAB Schmidt &amp; B\u00f6ger GmbH Berlin<\/strong><\/li>\n<li><strong>SCN GmbH K\u00f6ln<\/strong><\/li>\n<li><strong>Sch\u00f6ll AG<br \/>\n<\/strong>Cornelsen-Fachbuchverlag \u2013 Berlin<br \/>\nMinisterium f\u00fcr Wissenschaft, Forschung &amp; Innovation NRW \u2013 D\u00fcsseldorf<br \/>\nRenesas Electronic Europe GmbH \u2013 D\u00fcsseldorf<br \/>\nDB Schenker AG \u2013 Essen<br \/>\nBundesministerium der Finanzen (BMF) \u2013 Berlin<br \/>\nDZ Bank \u2013 Frankfurt a.M.<br \/>\nBundesministerium f\u00fcr Wissenschaft und Innovation (BMWi) \u2013 Berlin<br \/>\nBundesministerium der Justiz (BMJ) \u2013 Berlin<br \/>\nTelekom Training\/Deutsche Telekom AG \u2013 (Deutschlandweit)<br \/>\nMunichRe-R\u00fcckversicherung \u2013 M\u00fcnchen<br \/>\nMEAG AG \u2013 M\u00fcnchen<br \/>\ndestatis &#8211; Statistisches Bundesamt &#8211; Wiesbaden<\/li>\n<li><strong>signet GmbH Kassel<br \/>\n<\/strong>Telekom Training\/T-Systems (MS Office-Seminar f\u00fcr Stadtverwaltung Cottbus)<br \/>\nAgrargenossenschaft e.G. Trebitz \u2013 Trebitz<br \/>\nDitsch Brezelb\u00e4ckerei \u2013 Oranienbaum<br \/>\nKraus-Maffei-Wegmann KMW \u2013 Kassel I-tec AG \u2013 D\u00fcsseldorf<br \/>\nBAYER AG \u2013 Bergkamen<\/li>\n<\/ul>\n<p><strong>T<\/strong><\/p>\n<ul>\n<li><strong>Toshiba Deutschland \u2013 FAIRWORX Promotion GmbH<br \/>\n<\/strong>Hardselling f\u00fcr technische Produkte im Media-Markt Wolfsburg<\/li>\n<\/ul>\n<p><strong>V<\/strong><\/p>\n<ul>\n<li><strong>VHS Magdeburg<br \/>\n<\/strong>WAVIN GmbH \u2013 Westeregeln (diverse MS Office-Seminare)<\/li>\n<\/ul>\n<p><strong>W<\/strong><\/p>\n<ul>\n<li><strong>WBB Wilhelm Bell Beratung GmbH Aachen<br \/>\n<\/strong>puren GmbH \u2013 \u00dcberlingen<br \/>\nDeutsche Flugsicherung DFS \u2013 M\u00fcnchen<br \/>\nEDEKA-Fleischwerk \u2013 Valluhn\/Gallin<\/li>\n<li><strong>WBB Wilhelm Bell Beratung GmbH Aachen | COMPAREX AG Leipzig<br \/>\n<\/strong>GEMA Generaldirektion \u2013 Berlin (MS Office-Seminare)<\/li>\n<\/ul>\n<p>&nbsp;<\/p>\n<p><strong>Gesch\u00e4ftliche Websites:<\/strong><\/p>\n<ul>\n<li>Ferienhaus zum Goehrischblick (Vermietung von Ferienwohnungen)<\/li>\n<\/ul>\n<p><strong>Redaktionelle Projekte &amp; Ver\u00f6ffentlichungen:<\/strong><\/p>\n<ul>\n<li>Magdeburger Sonntag (Anzeigenzeitung)<\/li>\n<li>Loyal \u2013 Zeitung des Deutschen Reservistenverbandes e.V.<\/li>\n<li>General Anzeiger Magdeburg (Anzeigenzeitung)<\/li>\n<\/ul>\n<p><strong>Moderationen und \u00f6ffentliche Auftritte:<\/strong><\/p>\n<ul>\n<li>Bildungsmesse der Bundeswehr &amp; Fa. STIEG + Partner<\/li>\n<li>Beratung zu Weiterbildungsangeboten &amp; beruflichen Perspektiven in Handel und Logistik f\u00fcr aus dem aktiven Dienstverh\u00e4ltnis ausscheidende Soldaten, auf der BfD-Fachmesse-2002 in Penzing<\/li>\n<li>Moderation des Abi-Abschlu\u00dfballs 2005 f\u00fcr das Albert-Einstein-Gymnasium in der Stadthalle Magdeburg<\/li>\n<li>B\u00fchnen-Gast und Anchorer in drei TV-Talkshows von\/mit Hans Meiser und Kai Pflaume<\/li>\n<\/ul>\n","protected":false},"excerpt":{"rendered":"<p>F\u00fcr folgende Unternehmen\/Beh\u00f6rden &amp; Bildungstr\u00e4ger\/Institute habe ich referiert, oder war ich gern unterst\u00fctzend t\u00e4tig: Gesch\u00e4ftliche Projekte: A AfA-Finanzdienstleistungen-B\u00fcro Stendal AKaTe Leipzig ARGE KAS-EAS Bonn e.V. arvato direct services GmbH B Bildungswerk der Wirtschaft in Sachsen-Anhalt e.V. (BWSA e.V.) Bildungsnetzwerk Magdeburg&hellip; <\/p>\n","protected":false},"author":1,"featured_media":0,"parent":0,"menu_order":0,"comment_status":"closed","ping_status":"closed","template":"","meta":{"_monsterinsights_skip_tracking":false,"_monsterinsights_sitenote_active":false,"_monsterinsights_sitenote_note":"","_monsterinsights_sitenote_category":0,"_uf_show_specific_survey":0,"_uf_disable_surveys":false,"footnotes":""},"class_list":["post-40","page","type-page","status-publish","hentry"],"aioseo_notices":[],"_links":{"self":[{"href":"https:\/\/der-edv-coach.de\/index.php?rest_route=\/wp\/v2\/pages\/40","targetHints":{"allow":["GET"]}}],"collection":[{"href":"https:\/\/der-edv-coach.de\/index.php?rest_route=\/wp\/v2\/pages"}],"about":[{"href":"https:\/\/der-edv-coach.de\/index.php?rest_route=\/wp\/v2\/types\/page"}],"author":[{"embeddable":true,"href":"https:\/\/der-edv-coach.de\/index.php?rest_route=\/wp\/v2\/users\/1"}],"replies":[{"embeddable":true,"href":"https:\/\/der-edv-coach.de\/index.php?rest_route=%2Fwp%2Fv2%2Fcomments&post=40"}],"version-history":[{"count":101,"href":"https:\/\/der-edv-coach.de\/index.php?rest_route=\/wp\/v2\/pages\/40\/revisions"}],"predecessor-version":[{"id":697,"href":"https:\/\/der-edv-coach.de\/index.php?rest_route=\/wp\/v2\/pages\/40\/revisions\/697"}],"wp:attachment":[{"href":"https:\/\/der-edv-coach.de\/index.php?rest_route=%2Fwp%2Fv2%2Fmedia&parent=40"}],"curies":[{"name":"wp","href":"https:\/\/api.w.org\/{rel}","templated":true}]}}